{"id":225,"date":"2019-05-09T12:46:02","date_gmt":"2019-05-09T09:46:02","guid":{"rendered":"https:\/\/hoitopolut.siunsote.fi\/t1d\/?page_id=225"},"modified":"2022-06-17T10:01:32","modified_gmt":"2022-06-17T07:01:32","slug":"jalkaongelmien-hoito","status":"publish","type":"page","link":"https:\/\/hoitopolut.siunsote.fi\/t1d\/jalkaongelmien-hoito\/","title":{"rendered":"Jalkaongelmien hoito"},"content":{"rendered":"\n<h2 class=\"wp-block-heading\" id=\"jalkaterapeutin-vastaanotto\"><strong>Jalkaterapeutin vastaanotto<\/strong><\/h2>\n\n\n\n<ul class=\"wp-block-list\"><li>Riskiluokka 2-3 ja ajankohtaista ongelmaa => Siun soten aluejalkaterapeutti; riskiluokka 2 tai 3 ilman ajankohtaista ongelmaa =>\u00a0 palveluseteli tai aluejalkaterapeutin arvio; rl 0-1 tarvittaessa omakustanteisesti<\/li><li><a href=\"https:\/\/siunsote.sharepoint.com\/:w:\/r\/sites\/Tiedostopankki\/_layouts\/15\/Doc.aspx?sourcedoc=%7B8789DD7F-9B80-4A09-A72B-4CADC9799087%7D&amp;file=Siunsote_SIS_tyoohje_Jalkojen_hoidon_porrastus_ja_toteutus_Siunsotessa.docx&amp;action=default&amp;mobileredirect=true&amp;cid=43ecdf00-34ae-4347-bca7-8d255c5b7334\">Jalkaterapian hoidon porrastus Siun sotessa<\/a><\/li><li><a href=\"https:\/\/siunsote.sharepoint.com\/:w:\/r\/sites\/Tiedostopankki\/Tiedostopankki\/Siunsote_SIS_potilas_riskijalkaisten_%20diabeetikkojen_%20ja_%20reumaatikkojen_jalkojenhoidon_palveluseteli.docx?d=w0f8708ac1e304c53bd9ad46e136fb747&amp;csf=1&amp;web=1&amp;e=R8SXgH\">Ennaltaehk\u00e4isev\u00e4 jalkojenhoito palvelusetelill\u00e4<\/a><\/li><li>Jalkojenhoidon palvelusetelituottajat\/ <a rel=\"noreferrer noopener\" href=\"https:\/\/www.palveluseteli.fi\/fi\/palvelusetelit\/kayttokohdehaku?service_type=servicecoupon&amp;municipality%5B%5D=173253&amp;service%5B%5D=229&amp;service_coupon_code=&amp;keywords=&amp;city=&amp;op=Hae+k%C3%A4ytt%C3%B6kohteita\" target=\"_blank\">K\u00e4ytt\u00f6kohdehaku | Vaana (palveluseteli.fi)<\/a><\/li><li>Riskiluokka 2-3 + kuormitukselle altistava tekij\u00e4: tarvittaessa my\u00f6s pohjalliset ym kevennykset mahdollisia Siun soten kustantamana -> ohjaa jalkaterapeutin tai fysioterapeutin arviointiin. Ensimm\u00e4iset pohjalliset aina jalkaterapeutin arvio!<ul><li>Arviointipyynt\u00f6\u00f6n kertomustekstiin tai ao. terapialehdelle ty\u00f6viestin\u00e4 kysymyksenasettelu, Jalk.riskiluokka, lyhyt toimintakykykuvaus ja dg-numero. Tiedoksi-PTH viesti aluejalkaterapeutille, l\u00e4hete ihot pkl jalkaterapeutille tai terveysaseman fysioterapeutille.<\/li><\/ul><\/li><\/ul>\n\n\n\n<p><strong>Linkki:<\/strong> <a href=\"https:\/\/siunsote.sharepoint.com\/:b:\/r\/sites\/Tiedostopankki\/Tiedostopankki\/Siunsote_AVK_OHJE_Valtakunnalliset_laakinnallisen_kuntotuksen_apuvalineiden_luovutusperusteet_ja_Siun_soten_toimintakaytannot.pdf?csf=1&amp;web=1&amp;e=CcAaIH\">L\u00e4\u00e4kinn\u00e4llisten apuv\u00e4lineiden saatavuus kriteerit Siunsotessa<\/a>. Muista mainita dg-numero (ja tarv jalkojen riskiluokitus) l\u00e4hetteeseen!<\/p>\n\n\n\n<p> <strong>Linkki<\/strong>: <a href=\"https:\/\/siunsote.sharepoint.com\/:p:\/r\/sites\/Tiedostopankki\/Tiedostopankki\/Siunoste_SIS_TYOOHJE_T1%20_diabeetikon_vuosikontrolli.pptx?d=wf61d3a676e71489eb9cea2977920ab4f&amp;csf=1&amp;web=1&amp;e=ctkhA4\">T1 diabeetikon vuosikontrolli<\/a><\/p>\n","protected":false},"excerpt":{"rendered":"<p>Jalkaterapeutin vastaanotto Riskiluokka 2-3 ja ajankohtaista ongelmaa => Siun soten aluejalkaterapeutti; riskiluokka 2 tai 3 ilman ajankohtaista ongelmaa =>\u00a0 palveluseteli tai aluejalkaterapeutin arvio; rl 0-1 tarvittaessa omakustanteisesti Jalkaterapian hoidon porrastus Siun sotessa Ennaltaehk\u00e4isev\u00e4 jalkojenhoito palvelusetelill\u00e4 Jalkojenhoidon palvelusetelituottajat\/ K\u00e4ytt\u00f6kohdehaku | Vaana (palveluseteli.fi) Riskiluokka 2-3 + kuormitukselle altistava tekij\u00e4: tarvittaessa my\u00f6s pohjalliset ym kevennykset mahdollisia Siun soten [&hellip;]<\/p>\n","protected":false},"author":1,"featured_media":226,"parent":0,"menu_order":2,"comment_status":"closed","ping_status":"closed","template":"","meta":{"footnotes":""},"categories":[34],"tags":[],"class_list":["post-225","page","type-page","status-publish","has-post-thumbnail","hentry","category-diabeettiset-jalkaongelmat"],"_links":{"self":[{"href":"https:\/\/hoitopolut.siunsote.fi\/t1d\/wp-json\/wp\/v2\/pages\/225","targetHints":{"allow":["GET"]}}],"collection":[{"href":"https:\/\/hoitopolut.siunsote.fi\/t1d\/wp-json\/wp\/v2\/pages"}],"about":[{"href":"https:\/\/hoitopolut.siunsote.fi\/t1d\/wp-json\/wp\/v2\/types\/page"}],"author":[{"embeddable":true,"href":"https:\/\/hoitopolut.siunsote.fi\/t1d\/wp-json\/wp\/v2\/users\/1"}],"replies":[{"embeddable":true,"href":"https:\/\/hoitopolut.siunsote.fi\/t1d\/wp-json\/wp\/v2\/comments?post=225"}],"version-history":[{"count":20,"href":"https:\/\/hoitopolut.siunsote.fi\/t1d\/wp-json\/wp\/v2\/pages\/225\/revisions"}],"predecessor-version":[{"id":824,"href":"https:\/\/hoitopolut.siunsote.fi\/t1d\/wp-json\/wp\/v2\/pages\/225\/revisions\/824"}],"wp:featuredmedia":[{"embeddable":true,"href":"https:\/\/hoitopolut.siunsote.fi\/t1d\/wp-json\/wp\/v2\/media\/226"}],"wp:attachment":[{"href":"https:\/\/hoitopolut.siunsote.fi\/t1d\/wp-json\/wp\/v2\/media?parent=225"}],"wp:term":[{"taxonomy":"category","embeddable":true,"href":"https:\/\/hoitopolut.siunsote.fi\/t1d\/wp-json\/wp\/v2\/categories?post=225"},{"taxonomy":"post_tag","embeddable":true,"href":"https:\/\/hoitopolut.siunsote.fi\/t1d\/wp-json\/wp\/v2\/tags?post=225"}],"curies":[{"name":"wp","href":"https:\/\/api.w.org\/{rel}","templated":true}]}}